= 5*z, -5*z + 38 = 3*a - 22. Suppose -2*t = -3*d - 66, 0 = -2*d - 55*t + 59*t - 52. Let j = z + d. Calculate r(j).
3
Let j(l) = 2*l**2 + 9*l - 2. Let o be j(-5). Let q(r) = 3*r**2 + 0*r**2 - 15*r**2 - 2 + r**o + 7*r**2 + 4*r. Determine q(2).
-6
Suppose -2*d - 183 = 4*r - 69, -4*r + 252 = -4*d. Let m = d + 70. Suppose -5*g = u + 12, g + 5*u - m = -g. Let s(n) = 3*n. Give s(g).
-9
Let r = 5425 - 5462. Let k(x) = -x**3 - 38*x**2 - 35*x + 70. Give k(r).
-4
Let n(l) = -141 - 11886*l + 5955*l + 5859*l. Calculate n(-2).
3
Let n(p) = p**2 - p - 1. Suppose 13*m - 248 - 12 = 0. Suppose -4*z + 6*b + 22 = 4*b, 0 = -4*b - m. Calculate n(z).
5
Let l(c) = c**3 - 3*c**2 - 7*c - 2. Let o be 0*1/(-12) - (735 - 1). Let z = -730 - o. What is l(z)?
-14
Let v(h) be the third derivative of -5*h**4/12 - 48*h**3 - 5*h**2 + 43. Determine v(-28).
-8
Let i(d) be the first derivative of -1/2*d**2 + 106 + 10*d. What is i(6)?
4
Let p(f) = -22*f**3 + 41*f**3 - 18*f**3 + 18*f**2 + 4 + 7*f - 12*f**2. Let z be 1*(0 + 2) - -1. Suppose -3*j - 11 = -2*a, z*j + 4*a = -0*a - 23. Calculate p(j).
-6
Let o(l) = 27*l - 53. Let j(p) = 78*p - 151. Let d(v) = 6*j(v) - 17*o(v). What is d(-3)?
-32
Let p(x) = x**2 - 22*x - 15. Suppose -147*g + 5*k = -144*g - 64, -g - 2*k = -25. What is p(g)?
8
Let x(q) = q**2 - 17*q + 73. Let k(s) = -s**3 - 62*s**2 - 168*s + 537. Let p be k(-59). What is x(p)?
7
Let j be (-4 + (-6 - -6))*7/7. Let f(w) = -w**3 + w**2 + w - 2. Calculate f(j).
74
Let z(y) = -y**3 + 7*y**2 - 6*y - 7. Let m(c) = -4*c - 2. Let i be m(-1). Suppose i*a + 3 = 13. Suppose j + 4*g = 10, a*j + 0*g - 33 = -3*g. Give z(j).
-7
Let y(z) be the second derivative of z**3 - z**2/2 + z + 488. Determine y(2).
11
Let z = -16 - -13. Let u(m) be the second derivative of m**5/120 - m**4/24 + 25*m**3/6 + 8*m. Let b(k) be the second derivative of u(k). Calculate b(z).
-4
Let i(x) = 2*x**2 + 27*x + 39. Let b(s) = 22*s**2 + 160*s + 156. Let g be b(-6). What is i(g)?
3
Let b(h) = -h**2 + 36*h + 6 - 1 + 26 - 14*h. Let u be b(23). Let r(j) = 7*j - 3. Let l(k) = -15*k + 6. Let v(g) = 6*l(g) + 13*r(g). What is v(u)?
5
Suppose 10*v + 96 = -5*v - 129. Let m(p) = -p**2 - 14*p + 4. Give m(v).
-11
Let m(v) = -16*v**2 - 3*v + 2. Let s be m(1). Let h(y) = y**3 + 18*y**2 + 17*y + 2. Let p be h(s). Let l(t) = -52*t**2 + 30*t**2 + 23*t**p. What is l(0)?
0
Suppose 0 = -19*w + 11*w + 592. Suppose -12*m + 38 - w = 0. Let i(a) = -a**3 - a**2 + 5*a + 3. Determine i(m).
6
Let t(y) = y**2 - 15*y - 17. Let g = -9 - 45. Let r = 70 + g. Let m be t(r). Let w(u) = -7*u**2 + 1. Determine w(m).
-6
Let v(y) = -y**3 - 2*y**2 - y - 10. Let a(z) = 2*z**3 + z**2 + 2*z + 9. Let u(c) = -2*a(c) - 3*v(c). What is u(5)?
-18
Let b(s) = 4 - 546*s**2 - 6 - 10 + 2*s + 544*s**2. Calculate b(0).
-12
Let l(k) be the third derivative of -k**6/120 + k**5/30 + k**4/6 + k**3/6 + k**2. Let x(y) = -2*y**3 - 31*y**2 + 332*y - 116. Let o be x(7). Give l(o).
4
Let w(x) = -x**3 + 12*x**2 + 13*x + 7. Let n be w(13). Let z be ((-66)/55)/(4/(-10)). Let t(b) = 3 + b**z + 2 + 0 - 8*b**2 + 6*b + 3. Give t(n).
1
Suppose -r + 7 = 5*y, -2*r + 3 = -5*y + 2*r. Let v = y - -1. Let x(s) = 2*s - 74 + 75 + 6278*s**3 - 6279*s**3. Determine x(v).
-3
Suppose 191*i = 206*i + 330. Let w(z) = z**3 + 23*z**2 + 19*z - 71. What is w(i)?
-5
Let l(v) = -v**3 + v**2 + v + 5. Suppose 0 = -10*o + 13*o - 93. Let g be (-31 + o)*(-1 - -2). What is l(g)?
5
Suppose w = -0*w - 4*x + 67, x = 3*w - 227. Let j = w + -63. Let c = -4 + j. Let h(s) = -s**3 + 7*s**2 + 8*s - 5. Calculate h(c).
-5
Let k(n) = -107*n + 42. Let b(c) = -34*c + 1. Let z(s) = 3*b(s) - k(s). Give z(4).
-19
Let w(c) = 14*c**3 - 6*c**2 - 2*c - 1. Let r(h) be the first derivative of 7*h**4 - 13*h**3/3 - 2*h**2 - 2*h - 22. Let k(j) = 4*r(j) - 9*w(j). Give k(-1).
15
Let a(r) = -r**3 + 6*r**2 - 6*r + 6. Let c(s) = 24*s - 979. Let x be c(41). Calculate a(x).
1
Suppose f + 5 = 0, 26*k - 255 = 31*k + 3*f. Let q(b) = -b**3 - 46*b**2 + 96*b - 6. Give q(k).
-6
Let h(t) = -t + 5. Let b = -3276 + 3281. Give h(b).
0
Let r(j) = 3*j**2 + 3*j + 2. Suppose 0 = -3406*p + 3387*p - 38. What is r(p)?
8
Let g(s) = -s**2 - 11*s + 17. Let o(j) = j**2 + 101*j + 1728. Let t be o(-79). Give g(t).
27
Let j(m) be the third derivative of m**7/840 - m**4/8 - m**3/3 - 3*m**2 + 12. Let g(k) be the second derivative of j(k). Determine g(3).
27
Let h(m) = -m**2 - 9*m - 19. Let v be h(-6). Let y(c) = 4 - 21*c - 1 - 29*c + 61*c. What is y(v)?
-8
Suppose -f = -5*s + 9, 36 = 1232*s - 1230*s + 5*f. Let g(m) = 8*m - 4*m**2 + 3*m**2 + 0*m - 3. What is g(s)?
12
Let y(q) = 4*q + 12*q - 15 + 6*q**2 - 5*q**2 + 13 - 12*q - q**3. Determine y(4).
-34
Let d(f) = -26*f**3 + f**2 - f + 1. Let m = 16 + -11. Suppose -5*q = 2*p - m*p - 12, 2 = -p + q. Give d(p).
-25
Let t(c) = -30*c**3 - 17*c**2 + 5*c - 8. Let a(v) = 4*v**3 + 2*v**2 - v + 1. Let j(m) = -9*a(m) - t(m). What is j(2)?
-45
Let h(q) be the third derivative of -11*q**5/60 - 5*q**4/24 - 2*q**3/3 + 92*q**2 - q + 10. Give h(-1).
-10
Let b(s) = -s**2 + 11*s - 1. Let m be 363/(-55) + 8/(-20). Let a(p) = -2*p**3 - 12*p**2 + 14*p + 11. Let j be a(m). What is b(j)?
-1
Let l(a) be the third derivative of -a**6/120 - 22*a**3/3 - 5*a**2. Suppose 2*x + j - 4 = 0, -2*x + 5*j - 46 + 26 = 0. Give l(x).
-44
Let z(o) = o**2 + 5*o + 1. Let f(p) = -5*p**2 - 28*p - 9. Let h(v) = f(v) + 6*z(v). Give h(1).
0
Let z(u) = -u**2 + 5*u + 1. Let v = -118 + 124. Let q be 2/(-4)*(v - (-24)/(-6)). Let y be (1*(q + -7))/(-2). Calculate z(y).
5
Let t(q) be the first derivative of -q**4/4 - 11*q**3/3 - 9*q**2/2 - 6*q + 26. Suppose 19*z - 17*z + 5*u = -25, 52 = -5*z - 2*u. Calculate t(z).
-16
Let k be 254/(-18) - ((-18)/90)/((-9)/(-5)). Let y(f) = f**3 + 18*f**2 + 57*f + 4. Calculate y(k).
-10
Let t(d) = d + 10. Let q be 10*5/((-25)/(-9)). Suppose -78*p = -81*p - q. Determine t(p).
4
Let s(n) = -40*n - 277. Let h be s(-7). Let m(j) = j**3 - j**2 + 27*j + 0*j**3 + h - 28*j + 5. Calculate m(0).
8
Let g(v) be the third derivative of v**5/60 - v**4/8 + 2*v**3/3 + v**2. Suppose 0 = 4*y + 3*x + 5, -y + 103 = -11*x + 22. What is g(y)?
8
Let c = 312 - 310. Suppose -c*v + b - 25 = 0, -5*b + 10*b = 4*v + 65. Let w(l) = l**2 + 13*l - 6. What is w(v)?
-36
Let h(b) = 1042 - 9*b**2 - 351 - 344 - 346. Let m(n) = -n - 1. Let f be m(0). Calculate h(f).
-8
Let a(k) = -7*k**2 + 15*k + 16. Let l(y) = 15*y**2 - 30*y - 34. Let c(n) = -13*a(n) - 6*l(n). What is c(15)?
-4
Suppose -3*q - 1477 = -2*g, -180 = g + 3*q - 905. Suppose 730*a - 48 = g*a. Let n(k) = k**3 + 11*k**2 - 11*k + 8. Determine n(a).
-4
Let y(o) = -o**2 - 4*o + 3. Let p be y(-4). Let t(v) = -p*v + 0 + 0 + 6. Determine t(4).
-6
Let w(f) be the third derivative of 1/24*f**4 + 0 - 9*f**2 + 3*f + 1/2*f**3. Calculate w(3).
6
Let o = 26 - -29. Let x = o - 47. Let y(j) = -j - 14 + 42 - x - 16. Determine y(-4).
8
Let q = 15866 - 15858. Let c(s) = -4*s**2 + 35*s - 15. Calculate c(q).
9
Let i = -239 - -225. Let p be (i + 3)/(-1 - -2). Let b(v) = v + 14. Determine b(p).
3
Let c(y) = 20 - 11*y + 15*y - 42 + 17 - 5*y**2. What is c(-4)?
-101
Suppose 0 = 4*p + 13*j - 15*j - 32, -49 = -5*p + 4*j. Let h(n) = n**2 - 4*n + 1. What is h(p)?
6
Let s(u) = -6*u. Let o be s(1). Let d be (-23)/(-92) - ((-69)/12 + 0). Let g be (4/o)/(d/(-9)). Let t(h) = 19*h**3 - h. Give t(g).
18
Let p be (24/(-21) - -2)*-7. Suppose -5*j = 4*a - 55, 2*j = -2*a + 4*j + 14. Let r(q) = q - a + 11 + 2. Calculate r(p).
-3
Suppose 20*v + 13*v + 2*v = 140. Let x(c) be the first derivative of 4*c - 1/4*c**v + 3/2*c**2 - c**3 + 21. Determine x(-4).
8
Let y(s) = 6*s**2 - 11*s + 8. Let v(g) = 5*g**2 - 9*g + 7. Let i(u) = 5*v(u) - 4*y(u). Let h(d) = d**2 - 16*d + 3. Let p be h(16). Give i(p).
9
Let g(u) = -10*u - 23. Let p(c) = c. Let o(b) = -g(b) - 5*p(b). Let s be o(-4). Let x(h) = 0*h - 2*h + s*h - 1 - 4. Give x(12).
7
Suppose -9*l - 2*l = -154. Let v(d) = -1 + l*d - 21*d + 6*d + 3 + 2*d**2. Give v(3).
17
Let p(f) = 2*f**3 + 2*f + 38. Let v be p(-6). Let z = 401 + v. Let i(a) = -a**2 - 3*a - 5. Calculate i(z).
-15
Let y(h) = -4*h**2 - 18 + 2*h**2 - 14 - 8*h + 4*h**2 + 30. What is y(6)?
22
Suppose 12*x + 272 = 4*x. Let z(g) = g**2 + 33*g - 33. Let u be z(x). Let v(b) = 5*b**3 - b. What is v(u)?
4
Let o(l) be the second derivative of 1/60*l**5 + 0*l**2 - 1/720*